+ 11?
-1
Evaluate (-15 - -12 - 4) + -3.
-10
-3 + (6 + -10 - -6)
-1
What is -2 - (8 + -22 - -6)?
6
What is -4 + (-2 - -9) - 6?
-3
What is the value of 5 - (-5 + (5 - -3) + 5)?
-3
Evaluate -11 - -3 - (-26 + 25).
-7
What is the value of (-7 - -3) + 5 + -2?
-1
Evaluate 9 + -11 - (1 - (-1 + -2)).
-6
What is -1 + -12 + 9 - -3?
-1
Evaluate 1 + -4 + 6 - (0 + 0).
3
What is the value of 9 + (4 - -2) + -8 + -1?
6
What is -2 + (-2 - (1 - 2) - -3)?
0
Calculate (4 - -1) + (-3 - -1).
3
Evaluate 4 + 2 + -3 + -6.
-3
8 - (1 + 7 + -2 + -1)
3
Evaluate 2 + (7 + -2 - 8).
-1
What is the value of 7 - (8 - 14 - -13)?
0
-4 + 4 + -3 + 8
5
Evaluate -4 + 1 + (6 - 3).
0
What is 7 + -14 - -11 - 5?
-1
Evaluate 51 + -39 + 3 + -1 + -8.
6
Calculate -1 - (6 + (-1 - (4 + -2))).
-4
What is (5 - 1) + 21 + -24 + 2?
3
What is the value of 6 - 18 - -4 - -14?
6
-16 + (7 - 1) + 8
-2
Evaluate (3 - -2) + 1 + -9.
-3
Calculate -4 - 0 - (-4 - 7).
7
Evaluate -6 + (4 + 2 - 6).
-6
Calculate -7 + (7 - (1 - 3)).
2
-19 + 15 - (2 - 12)
6
What is the value of 5 - 10 - (-3 - (-3 + -1))?
-6
What is the value of -1 + (2 - (3 - 2))?
0
-4 - -3 - (2 + -1)
-2
Evaluate 8 + (1 - -1) + -13.
-3
Evaluate (-10 + 3 - -3) + -1 + 3.
-2
What is the value of -5 + 9 - (-1 + 0 + -1)?
6
9 - (-7 + 10 + -2)
8
Evaluate (8 - 2) + (-3 - -2).
5
-7 + 2 - (-4 + 1 + -1)
-1
-4 - (9 + 4 + -9 - 8)
0
What is the value of 3 + -1 - (9 + (-3 - 8))?
4
What is 0 + (-6 - -4) + -3?
-5
What is the value of 8 + 1 + -47 + 46?
8
Calculate 1 + -1 + 40 + -41.
-1
Evaluate 10 + (-3 - (0 + 1)).
6
What is (4 - 6) + 15 - 4?
9
5 - 0 - (-13 + 17)
1
Calculate 1 - (-2 + 0 - -3).
0
What is the value of (-3 - -14 - -8) + -14?
5
Evaluate 1 + -3 + 1 - 1.
-2
What is -8 + 8 + -4 + 4?
0
Calculate 1 + 1 + (3 - -2 - 3).
4
6 + -5 + -8 - -5
-2
Evaluate -3 + 4 + 2 + (7 - 9).
1
What is 0 - -3 - (-18 - (-28 + 14))?
7
-27 - -20 - (0 - 5)
-2
What is -1 + (23 - 19) - (0 - 0)?
3
What is -1 - (3 + -2 - 2) - 6?
-6
What is the value of -3 - (-18 - (-9 + -2))?
4
Evaluate 5 - (-7 - 0 - -12).
0
What is -8 - (6 + -3 + -3 + -4)?
-4
Calculate (0 - -1 - 3) + -77 + 75.
-4
What is 0 + -2 + -1 + -2?
-5
Evaluate (-7 - -1) + 11 + -6.
-1
(8 - (0 - -6)) + 1 + -4
-1
What is the value of 0 + -7 - (-15 - -8)?
0
What is the value of (-38 - -33) + (1 - -4)?
0
What is -1 - -4 - 0 - (-2 - -2)?
3
What is the value of 4 - (1 + -4 + 0 + 4)?
3
What is the value of (-16 - -21) + (-9 - 1)?
-5
Evaluate (-3 - 4) + (6 - -4).
3
-2 + 5 + 0 + -3 + 1
1
Evaluate -3 + 3 + -2 - -5.
3
-1 - -2 - (3 + 2 + -12)
8
What is the value of -29 + 32 + (-1 - 4) + 0?
-2
What is 6 + (23 - 21 - (5 + -1))?
4
Calculate -5 + -8 + 4 + 8.
-1
What is the value of (2 + 2 - 3) + -4 - -8?
5
What is the value of -1 + 9 - (1 - 2 - -6)?
3
What is the value of -1 - (-10 - (-7 + 3))?
5
What is the value of 2 + (-4 - 1) + -1 + 2?
-2
Calculate 10 - (0 + 0 - -6).
4
Calculate (-2 + 4 + -5 - -4) + 3.
4
What is the value of (0 - -8) + -19 - (2 - 6)?
-7
What is the value of (-3 - -1) + 9 + -5 + -3?
-1
4 - (-11 - -20) - -4
-1
What is the value of 0 + 2 + -6 + -4 + 5?
-3
Calculate 2 + 2 + -1 + -1.
2
Evaluate (-2 - (-2 + 5)) + 0 + 0.
-5
Calculate -13 - ((6 - 4) + -7 - 3).
-5
What is the value of -5 - (-1 + 2 + (-1 - 0))?
-5
What is the value of 3 - 2 - -2 - (4 - 1)?
0
(-8 - -11 - -6) + -10
-1
Calculate (10 + -14 - -12) + -12.
-4
Evaluate -60 + 69 - (0 + 9).
0
(-19 - -11) + 0 + 4
-4
What is -4 + 2 - (-6 - -5)?
-1
Calculate -1 + (6 - 0) - (8 + -3).
0
4 + (4 - (6 - 1)) + -1
2
What is the value of (2 - 10) + (-10 - -14) - -1?
-3
7 + 0 + (21 - 23)
5
8 - (6 - (6 - 13))
-5
Evaluate 6 - 3 - (2 + (2 - -1)).
-2
10 + 0 + 1 + -8
3
0 - 0 - (1 - (-4 - -5))
0
Evaluate 1 + -6 + (13 - 18 - -17).
7
What is (3 - 4) + 3 + 13 + -20?
-5
What is -156 - -165 - (-1 - -12)?
-2
What is -9 + (0 - (4 - 5)) - -4?
-4
What is -5 - (-6 + 7 + -2)?
-4
Evaluate 19 - 13 - (-3 + 11).
-2
Evaluate 1 + (-22 - -11) + 19.
9
Calculate 1 - (-4 + -2 + (1 - -2)).
4
What is the value of -3 + (-4 - -1 - (-10 + 9))?
-5
Evaluate (1 - 0) + (-6 - -4 - 1).
-2
Calculate 24 + -28 - (-5 + -3 - -2).
2
What is 7 + -4 + -6 - -7 - 1?
3
Evaluate (4 - (1 - 5 - -7)) + -5.
-4
What is (2 - 8 - -6) + 4 + -1?
3
What is (0 - -6) + (-29 - -27)?
4
What is the value of -5 + 11 + (-2 - 0)?
4
What is the value of (0 - -2) + 14 + -11?
5
Evaluate 5 + -1 + -11 + 13 + -3.
3
4 - ((5 - 5) + 7 - 5)
2
Evaluate -2 - (3 + -8 + 1).
2
4 - -1 - ((16 - 7) + -10)
6
Evaluate -10 + 20 + 5 + -6.
9
Calculate -2 + 7 - (6 - -3).
-4
3 - 5 - -3 - -6 - 3
4
0 + (3 - 3) + (-4 - 1)
-5
Evaluate 11 + (-13 - (-15 + 3)).
10
(-6 - -1) + (-2 - -3)
-4
What is (7 - 4) + 3 + 0?
6
Evaluate 6 + -5 + 3 + -3.
1
-5 - -2 - (-1 + 2 + -1)
-3
Calculate (-33 - -33) + (1 - 5) - -3.
-1
What is 0 - (2 - 0 - 3 - -1)?
0
Calculate 0 + (-12 - -9) - (0 + 0).
-3
What is 6 - (3 - -2 - -3) - 3?
-5
Calculate (-13 - -5) + 7 + -2 - 0.
-3
Evaluate -1 + -7 + -56 + 66.
2
What is -3 + (-6 - -3) - -5?
-1
Evaluate -38 - -32 - (-8 + -2).
4
What is the value of 0 + (7 - (6 - 4)) - 4?
1
Calculate 11 + -3 - (3 - -4).
1
Calculate -5 - (2 + (1 - 6) - 7).
5
Evaluate -1 + 4 - (8 + -6).
1
What is the value of 6 + -5 + (1 - 7)?
-5
14 - -1 - (-16 + 27)
4
(-4 - (-13 - -2)) + -8
-1
Calculate 1 + -3 + 2 + -3.
-3
1 + (-2 - (17 + -11))
-7
Calculate 6 + -4 + -6 + 1.
-3
1 - 0 - (3 - 14 - -7)
5
-2 + -1 + 1 + 2 + -1
-1
What is -3 + 1 + 1 + 2 + 3?
4
Evaluate -3 + (2 - (-1 + -6 + 4)).
2
What is the value of 1 + -4 + (-1 + 4 - -6)?
6
(16 - (2 + 3)) + -11
0
What is the value of (0 - -1) + (-4 + 8 - 3)?
2
3 - ((12 - 3) + -9)
3
What is 3 + (7 - 4) + -11?
-5
8 + (1 + -2 - -1) + -4
4
What is the value of 1 - 6 - (-9 - -5)?
-1
Evaluate -1 + -6 + 1 + 3.
-3
What is the value of (6 - 9) + 7 + -2?
2
What is -6 + (-10 - -1) + 14?
-1
-2 - (0 - (-2 - -4))
0
Evaluate 2 + -4 - (-1 + -6).
5
What is the value of (-1 - -1) + (-4 - 1)?
-5
What is -3 + (4 - (5 + -5)) + -5?
-4
Evaluate 4 + (-4 - (2 - -3)).
-5
Evaluate -2 - 5 - -3 - (1 - 6).
1
(10 - 7) + -8 + 14
9
9 + (-4 - 1) - 1
3
(3 - (-3 + 13)) + 5 - 5
-7
Evaluate 3 - (1 + 2 + 2) - 4.
-6
What is the value of -3 - (2 + -4 - 1)?
0
Evaluate -4 + 1 + -3 + 2.
-4
What is the value of 1 + 0 + -1 + 71 + -69?
2
What is the value of 0 - (-5 - (0 - (3 + -3)))?
5
-9 + 12 + (-22 - -10)
-9
What is -1 - (-4 + 6 + (2 - 8))?
3
5 + (-1 + -3 - 0)
1
What is (-1 - 1) + -11 + 10 + 0?
-3
What is -5 - 0 - (-16 - (-3 + -11))?
-3
Calculate -1 + -6 + 9 + -5.
-3
What is -8 + (6 - (2 + 3))?
-7
What is 5 - -2 - 2 - -1?
6
What is the value of 4 + (4 - 6 - 2) + 0?
0
Evaluate 2 + -1 + (-3 - -1).
-1
What is the value of -13 - (-17 + -3 + 6)?
1
Evaluate -2 + 4 + 2 + 147 + -152.
-1
What is the value of -32 - -31 - (-2 + 0 - 3)?
4
-3 - (7 - (5 - 0))
-5
What is 0 + (3 - (7 + -2))?
-2
Calculate -1 + -3 + 6 - 4.
-2
What is 3 + -8 - (1 + -1)?
-5
Evaluate 4 + -1 + (1 - 3) - 2.
-1
Evaluate 6 + (-3 - 1) - 2.
0
Calculate (-1 - -6) + (-11 - 0).
-6
(0 - 9 - -7) + -4 + -1
-7
What is the value of -35 + 30 + (-3 - -1)?
-7
What is 6 - (-7 + 9 - -10 - 4)?
-2
Evaluate -5 - (2 - (6 - (6 - 0))).
-7
What is the value of -3 + -4 + (28 - 18)?
3
Evaluate (-2 - -5 - -5) + -3.
5
Calculate 3 + -21 + 14 - -2.
-2
Evaluate -1 - (-4 - 1 - (-3 - -3)).
4
What is -3 - (3 + -11) - 8?
-3
Calculate (-3 - (5 - 5)) + -1.
-4
Calculate -1 + (-1 - -5) - (-3 - -3).
3
Calculate -5 + 3 - 2 - (-4 + 4).
-4
Evaluate -2 - 2 - (-37 - -29).
4
What is -6 + -5 + 7 + -13 + 9?
-8
What is 6 + -1 - (9 + -8)?
4
Evaluate -6 + -3 + 16 + -13.
-6
Calculate 5 + -1 + -7 + 8.
5
What is -15 + (8 - 2) + 4?
-5
4 - (-8 + 21) - -5
-4
What is 1 + -1 + 1 + (46 - 48)?
-1
Calculate -2 + (5 - (3 - -3)) - -2.
-1
Calculate (0 - -3) + -7 + 4.
0
2 + 5 + -13 + 5 + 5
4
What is the value of (14 - 0) + (-23 - (-3 - 17))?
11
0 - ((8 - 15) + 6)
1
What is (-1 - 10) + 5 - -8?
2
Calculate (-2 - 6) + 16 - 12.
-4
What is the value of 6 + (14 - 31) + 4?
-7
What is the value of 10 + (-4 - (1 + 0))?
5
Calculate 9 - -2 - (-18 + 22).
7
What is 24 + -29 - (0 - (0 + 10))?
5
4 + 3 + -3 + 0 + -9
-5
What is the value of (-6 - -1) + -1 + -13 + 16?
-3
Evaluate 5 - (8 + -4) - (24 + -18).
-5
Evaluate -1 - (-6 - -3) - -4 - 7.
-1
What is the value of 1 - (-2 + 0 + -2)?
5
Evaluate -17 - (11 + -22) - -9.
3
-21 + 28 - (4 + -1)
4
What is (-211 - -226) + (-1 - 9)?
5
What is (-18 + 1 - -9) + 12?
4
What is 4 + -7 + 3